{"id":37,"date":"2021-01-06T08:57:55","date_gmt":"2021-01-06T07:57:55","guid":{"rendered":"https:\/\/www.crstremosna.cz\/?page_id=37"},"modified":"2021-01-06T09:06:40","modified_gmt":"2021-01-06T08:06:40","slug":"historie","status":"publish","type":"page","link":"https:\/\/www.crstremosna.cz\/?page_id=37","title":{"rendered":"Historie"},"content":{"rendered":"\n<p class=\"has-text-align-left\">Prvn\u00ed ryb\u00e1\u0159sk\u00fd spolek v T\u0159emo\u0161n\u00e9 zalo\u017eili v roce 1945 n\u00e1jemci t\u0159emo\u0161ensk\u00e9ho a z\u00e1lu\u017esk\u00e9ho povod\u00ed \u0159eky, p\u00e1nov\u00e9 Tel\u00edn a \u010c\u00e1bal. K dal\u0161\u00edm funkcion\u00e1\u0159\u016fm pat\u0159ili Svoboda, Rais, J\u00edrov\u00fd, Vod\u00e1k, Kobza a dal\u0161\u00ed. Postupem \u010dasu z\u00edskal spolek dal\u0161\u00ed \u010d\u00e1st povod\u00ed, dosahuj\u00edc\u00ed a\u017e k soutoku s Berounkou pod obc\u00ed Kace\u0159ov.<br>Vyd\u00e1n\u00edm Ryb\u00e1\u0159sk\u00e9ho z\u00e1kona byl t\u0159emo\u0161ensk\u00fdm sv\u011b\u0159en i horn\u00ed tok \u0159eky a z\u00e1rove\u0148 vstoupila v platnost povinnost pravideln\u00e9ho zaryb\u0148ov\u00e1n\u00ed sv\u011b\u0159en\u00e9ho rev\u00edru. Pot\u0159eba vlastn\u00ed n\u00e1sady vedla ke snaze z\u00edskat vhodn\u00e9 chovn\u00e9 rybn\u00edky. Spolek postupn\u011b dostal do pron\u00e1jmu men\u0161\u00ed rybn\u00edky v T\u0159emo\u0161n\u00e9, Z\u00e1lu\u017e\u00ed, Hromnici, \u010cesk\u00e9 B\u0159\u00edze, Zru\u010di, Koko\u0159ov\u011b a Mostic\u00edch. Mezi ty v\u011bt\u0161\u00ed pat\u0159il rybn\u00edk v Kra\u0161ovic\u00edch a nov\u011b vybudovan\u00fd Ledeck\u00fd rybn\u00edk. Zhor\u0161uj\u00edc\u00ed se stav povod\u00ed a rostouc\u00ed \u010dlensk\u00e1 z\u00e1kladna, p\u0159im\u011bly organizaci k v\u011bt\u0161\u00ed orientaci na rybn\u00edky. Pro sportovn\u00ed rybolov byl vy\u010dlen\u011bn Kra\u0161ovick\u00fd rybn\u00edk, a tak\u00e9 rybn\u00edk Opr\u00e1m ve Zru\u010di.<br>\u010clensk\u00e1 z\u00e1kladna se d\u00e1le rozr\u016fstala, p\u0159isp\u011bla k tomu i pr\u00e1ce s ml\u00e1de\u017e\u00ed v n\u011bkolika krou\u017ec\u00edch. Za l\u00e9ta \u010dinnosti se vym\u011bnila \u0159ada funkcion\u00e1\u0159\u016f. Ti byli v\u017edy vedeni snahou \u0159\u00e1dn\u011b hospoda\u0159it na sv\u011b\u0159en\u00fdch rev\u00edrech. Museli nejen odchovat dostatek ryb, ale tak\u00e9 se pot\u00fdkali s n\u00e1sledky meliorac\u00ed, nevhodn\u00fdch \u00faprav koryt, m\u00edstn\u00edch otrav a trval\u00fdm zne\u010di\u0161\u0165ov\u00e1n\u00edm z hornob\u0159\u00edzsk\u00e9 kaolinky. S t\u011bmito probl\u00e9my se ostatn\u011b setk\u00e1v\u00e1 v\u011bt\u0161ina organizac\u00ed i v dne\u0161n\u00ed dob\u011b. V\u0161echny tyto z\u00e1sahy do p\u0159irozen\u00e9ho p\u0159\u00edrodn\u00edho toku se negativn\u011b projevuj\u00ed na mno\u017estv\u00ed, zdravotn\u00edm stavu a druhov\u00e9 pestrosti ryb\u00ed obs\u00e1dky.<br>Pomalu se p\u0159eneseme do roku 1970, kdy byla zalo\u017eena kronika MO. Ta ud\u00e1v\u00e1 po\u010det \u010dlen\u016f na 97, z toho 5 \u010dl. ryb\u00e1\u0159sk\u00e9 str\u00e1\u017ee. Cena ro\u010dn\u00ed povolenky byla v t\u00e9 dob\u011b 60,- K\u010ds. P\u0159ib\u00fdvali dal\u0161\u00ed ryb\u00e1\u0159i a v roce 1973 m\u011bla MO ji\u017e 155 dosp\u011bl\u00fdch \u010dlen\u016f a 45 d\u011bt\u00ed a ml\u00e1de\u017ee. V tomto roce byl vybudov\u00e1n nov\u00fd chovn\u00fd rybn\u00edk \u0158empo, \u010d\u00edm\u017e vzikla kask\u00e1da t\u0159\u00ed rybn\u00edk\u016f &#8211; \u0158empo, Hroznata, Podmokly. Na tomto d\u00edle bylo odpracov\u00e1no neuv\u011b\u0159iteln\u00fdch 7.125 brig\u00e1dnick\u00fdch hodin. Nejv\u011bt\u0161\u00ed z\u00e1sluhu na zd\u00e1rn\u00e9m dokon\u010den\u00ed d\u00edla m\u011bl asi tehdej\u0161\u00ed p\u0159edseda pan Jan Kacerovsk\u00fd, ale velk\u00fd d\u00edk pat\u0159\u00ed i v\u0161em ostatn\u00edm brig\u00e1dn\u00edk\u016fm.<br>V roce 1974 bylo zakoupeno n\u00e1kladn\u00ed auto Praga V3S, kter\u00e9 pom\u00e1halo hlavn\u011b p\u0159i podzimn\u00edch v\u00fdlovech. Uva\u017eovalo se tak\u00e9 o v\u00fdstavb\u011b vlastn\u00ed budovy organizace s dotac\u00ed krajsk\u00e9ho svazu, ale k realizaci bohu\u017eel nedo\u0161lo. Tento rok byl tak\u00e9 d\u016fle\u017eit\u00fd pro dal\u0161\u00ed hospoda\u0159en\u00ed na rev\u00edrech a lov ve sportovn\u00edch vod\u00e1ch. Rozhodnut\u00edm \u00dast\u0159edn\u00edho v\u00fdboru \u010cRS do\u0161lo k rozd\u011blen\u00ed vod na pstruhov\u00e9 a mimopstruhov\u00e9 a p\u0159echod na krajsk\u00e9 hospoda\u0159en\u00ed v podob\u011b, kterou s men\u0161\u00edmi zm\u011bnami zn\u00e1me z dne\u0161n\u00ed doby.<br><br>D\u00e1le uvedu heslovit\u011b \u010dasov\u011b rozd\u011blen\u00e9 d\u016fle\u017eit\u00e9 ud\u00e1losti :<br><br>1976 &#8211; velk\u00e1 vedra zp\u016fsobila na horn\u00edm toku T\u0159emo\u0161enky hromadn\u00fd \u00fahyn ryb;\u00a0 v Z\u00e1lu\u017e\u00ed prob\u011bhl ji\u017e druh\u00fd Ryb\u00e1\u0159sk\u00fd ples;\u00a0 ve v\u011bku 78 let zem\u0159el dlouholet\u00fd hospod\u00e1\u0159 pan Jaroslav J\u00edrov\u00fd.<br><br>1977 &#8211; \u0161patn\u00e9 po\u010das\u00ed v jarn\u00edch m\u011bs\u00edc\u00edch zap\u0159\u00ed\u010dinilo chab\u00fd v\u00fdt\u011br kaprovit\u00fdch ryb, co\u017e se projevilo v dal\u0161\u00edm roce;\u00a0 nar\u016fst\u00e1 zne\u010di\u0161\u0165ov\u00e1n\u00ed vod.<br><br>1978 &#8211; po\u010det \u010dlen\u016f MO stoupl na 223;\u00a0 odpracov\u00e1no 2.734 brig\u00e1dnick\u00fdch hodin.<br><br>1979 &#8211; 12.9. 1979 zem\u0159el dlouholet\u00fd kronik\u00e1\u0159 pan Vr\u00e1\u0165a Rozum;\u00a0 uspo\u0159\u00e1d\u00e1n jeden z prvn\u00edch ryb\u00e1\u0159sk\u00fdch t\u00e1bor\u016f s \u00fa\u010dast\u00ed 30 -ti d\u011bt\u00ed pod veden\u00edm p\u00e1n\u016f Kobzy, Sirochmana, Jirmana a dal\u0161\u00edch;\u00a0 odpracov\u00e1no 5.030 brig. hodin;\u00a0 v\u00fdm\u011bna n\u00e1kladn\u00edho automobilu za Pragu S5T;\u00a0 pracuje 6 krou\u017ek\u016f ml\u00e1de\u017ee se 129 \u010dleny.<br><br>1981 &#8211; \u00fasp\u011b\u0161n\u00fd produk\u010dn\u00ed rok &#8211; zarybn\u011bny vlastn\u00ed vody a n\u00e1sledn\u011b odprod\u00e1no 14q kapra jin\u00fdm organizac\u00edm.<br><br>1986 &#8211; z\u00edsk\u00e1n\u00ed pozemku b\u00fdval\u00e9ho statku otev\u00edr\u00e1 mo\u017enosti realizace vlastn\u00ed klubovny a dal\u0161\u00edho z\u00e1zem\u00ed.<br><br>1990 &#8211; vybudov\u00e1n\u00ed s\u00e1dek k p\u0159echodn\u00e9mu uchov\u00e1n\u00ed ryb a p\u0159\u00edpadn\u00e9mu odchovu pl\u016fdku.<br><br>1991 &#8211; stavebn\u00ed rekonstrukce stodoly v are\u00e1lu;\u00a0 zakoupen\u00ed automobilu \u0160koda-1203.<br><br>1992 &#8211; zm\u011bna z\u00e1kona o bezplatn\u00e9m u\u017e\u00edv\u00e1n\u00ed rybn\u00edk\u016f zvy\u0161uje finan\u010dn\u00ed n\u00e1ro\u010dnost hospoda\u0159en\u00ed.<br><br>1993 &#8211; po\u010det \u010dlen\u016f MO vzrostl na 358 dosp\u011bl\u00fdch;\u00a0 z 10,8ha plochy chovn\u00fdch rybn\u00edk\u016f bylo sloveno cca 85q ryb, hlavn\u011b kapra.<br><br>1994 &#8211; 402 dosp\u011bl\u00fdch \u010dlen\u016f;\u00a0 \u0159ada chovn\u00fdch rybn\u00edk\u016f zm\u011bnila majitele, \u010d\u00edm\u017e jsme p\u0159i\u0161li o rybn\u00edky Z\u00e1ho\u0159ky, Bykov, Koko\u0159ov, Ledce, \u010cern\u00fd, \u00dan\u011b\u0161ov-n\u00e1ves. T\u00edm se podstatn\u011b sn\u00ed\u017eila obhospoda\u0159ovan\u00e1 plocha a t\u00edm i mno\u017estv\u00ed produkovan\u00fdch ryb.<br><br>1996 &#8211; prvn\u00ed z\u00e1jezd za rybami do Norska, kter\u00fd se stal pro n\u011bkter\u00e9 ka\u017edoro\u010dn\u00ed tradic\u00ed;\u00a0 za zarybn\u011bn\u00ed jsme v\u010detn\u011b dopravy obdr\u017eeli 209.193,-K\u010d;\u00a0 ryb\u00e1\u0159sk\u00fd t\u00e1bor i b\u00e1l prob\u011bhly bez probl\u00e9m\u016f;\u00a0 rapidn\u011b poklesla brig\u00e1dnick\u00e1 \u010dinnost \u0159adov\u00fdch \u010dlen\u016f, t\u00e9m\u011b\u0159 v\u0161e tak z\u00e1vis\u00ed na v\u00fdboru MO.<br><br>1999 &#8211; zv\u00fd\u0161en\u00e9 n\u00e1klady a minim\u00e1ln\u00ed brig\u00e1dnick\u00e1 \u010dinnost \u010dlen\u016f zap\u0159\u00ed\u010dinily nav\u00fd\u0161en\u00ed poplatku za neodpracovan\u00e9 brig\u00e1dy na 700,-K\u010d.<br><br>2000 &#8211; stav \u010dlensk\u00e9 z\u00e1kladny : 609 dosp\u011bl\u00fdch, 50 ml\u00e1de\u017ee, 205 d\u011bt\u00ed;\u00a0 hygienicky nevyhovuj\u00edc\u00ed koupali\u0161t\u011b v T\u0159emo\u0161n\u00e9 je vyu\u017eito k odchovu pl\u016fdku kapra.<br><br>2001 &#8211; v\u00fdlov K1 z koupali\u0161t\u011b p\u0159ed\u010dil o\u010dek\u00e1v\u00e1n\u00ed, z\u00edskali jsme t\u00edm novou odchovnou kapacitu n\u00e1sady;\u00a0 pro d\u011bti prob\u011bhla sout\u011b\u017e &#8222;O zlatou udici&#8220; a letn\u00ed t\u00e1bor;\u00a0 seps\u00e1na nov\u00e1 n\u00e1jemn\u00ed smlouva na rybn\u00edk Chot\u00edkov;\u00a0 \u00fasp\u011b\u0161n\u00fd z\u00e1jezd do Norska.<br><br>2002 &#8211; z\u00e1plavy, kter\u00e9 postihly celou republiku, zas\u00e1hly i na\u0161e vody. Oprava utr\u017een\u00e9 hr\u00e1ze, zbudov\u00e1n\u00ed p\u0159elivu, nov\u00e9ho jalov\u00e9ho p\u0159epadu a dal\u0161\u00ed pr\u00e1ce na rybn\u00edku Podmokly st\u00e1ly MO cca 300.000,-K\u010d plus odpracovan\u00e9 brig\u00e1dnick\u00e9 hodiny. A\u010dkoliv je rybn\u00edk v majetku st\u00e1tu, neobdr\u017eeli jsme od vlastn\u00edka ani korunu a je\u0161t\u011b jsme byli n\u00e1sleden\u011b byrokraticky \u0161\u00edkanov\u00e1ni.;\u00a0 byl zvolen nov\u00fd v\u00fdbor MO s p\u0159edsedou p. Karlem Kobzou;\u00a0 chov K1 se roz\u0161\u00ed\u0159il o koupali\u0161t\u011b v Z\u00e1lu\u017e\u00ed;\u00a0 odpracov\u00e1no p\u0159es 1000 brig. hodin;\u00a0 uspo\u0159\u00e1d\u00e1n 2. ro\u010dn\u00edk ryb\u00e1\u0159sk\u00fdch z\u00e1vod\u016f na rybn\u00edku Hroznata;\u00a0 povedl se ryb\u00e1\u0159sk\u00fd b\u00e1l.<br><br>2003 &#8211; prob\u011bhly dal\u0161\u00ed opravy na rybn\u00edc\u00edch po z\u00e1plav\u00e1ch, nejv\u00edce pr\u00e1ce bylo na \u0158empu;\u00a0 \u00faprava hr\u00e1ze a odstran\u011bn\u00ed n\u00e1letov\u00fdch d\u0159evin na rybn\u00edku m\u00edstn\u00edho v\u00fdznamu Bejkovec;\u00a0 \u00fasp\u011b\u0161n\u00fd d\u011btsk\u00fd t\u00e1bor i 3. ro\u010dn\u00edk ryb. z\u00e1vod\u016f &#8222;Hroznata&#8220;.<br><br>2004 &#8211; z\u00e1sluhou Franty Pa\u0161ka jsme z\u00edskali demontovan\u00fd Teskodomek, kter\u00fd byl n\u00e1sledn\u011b pou\u017eit k v\u00fdstavb\u011b nov\u00e9 klubovny v are\u00e1lu s\u00e1dek. B\u011bhem dvou m\u011bs\u00edc\u016f byla postavena hrub\u00e1 stavba, vybudov\u00e1na odpadn\u00ed kanalizace, p\u0159\u00edpojky vody a elekt\u0159iny. Polo\u017een\u00ed st\u0159e\u0161n\u00ed krytiny zajistil Lum\u00edr \u0160v\u00e1b se sv\u00fdmi syny.;\u00a0 prob\u011bhl ka\u017edoro\u010dn\u00ed t\u00e1bor i z\u00e1vody &#8222;Hroznata&#8220;;\u00a0 do provozu byla uvedena \u010disti\u010dka odpadn\u00edch vod;\u00a0 celorepublikov\u00e9ho sn\u011bmu \u010cRS se za MO z\u00fa\u010dastnil Mgr. Petr \u017di\u017eka.<br><br>2005 &#8211; k \u0161edes\u00e1t\u00e9mu v\u00fdro\u010d\u00ed zalo\u017een\u00ed MO byly vyrobeny pam\u011btn\u00ed odznaky v modr\u00e9 a zelen\u00e9 barv\u011b;\u00a0 spousta dal\u0161\u00edch hodin byla odpracov\u00e1na na exteri\u00e9ru, ale hlavn\u011b interi\u00e9ru klubovny, investovalo se do vnit\u0159n\u00edho za\u0159\u00edzen\u00ed, objekt byl p\u0159ipraven ke kolaudaci;\u00a0 na letn\u00ed t\u00e1bor byla z\u00edsk\u00e1na dotace od svazu.<br><br>2007 &#8211; p. Sirochman zhotovil nov\u00fd bar v klubovn\u011b;\u00a0 vylep\u0161eny prostory v okol\u00ed klubovny, postavena nov\u00e1 ud\u00edrna;\u00a0 p\u0159\u00edvalov\u00e9 de\u0161t\u011b op\u011bt naru\u0161ily hr\u00e1z v Podmoklech, proto zde byly zabetonov\u00e1ny obrubn\u00edky, kter\u00e9 by m\u011bly zabr\u00e1nit dal\u0161\u00ed pohrom\u011b;\u00a0 nevyjasn\u011bn\u00e9 majetkov\u00e9 pom\u011bry, spojen\u00e9 s mo\u017enost\u00ed c\u00edrkevn\u00edch restituc\u00ed, br\u00e1n\u00ed snaze MO z\u00edskat rybn\u00edky do vlastnictv\u00ed, p\u0159in\u00e1\u0161\u00ed letitou nejistotu a spoustu jedn\u00e1n\u00ed s \u00fa\u0159edn\u00edky s miziv\u00fdmi v\u00fdsledky.<br><br>2008 &#8211; na\u0161e \u0159ady opustil Honza Kr\u00e1l, pracant a dlouholet\u00fd \u010dlen lov\u00edc\u00ed \u010dety;\u00a0 uspo\u0159\u00e1d\u00e1ny ryb. z\u00e1vody na rybn\u00edku v are\u00e1lu s\u00e1dek, d\u011btsk\u00fd t\u00e1bor;\u00a0 \u017eivotn\u00ed jubileum 60 let oslavili p\u00e1nov\u00e9 Franti\u0161ek Pa\u0161ek a Jarom\u00edr Zeithaml.<br><br>2009 &#8211; d\u016fle\u017eit\u00fd rok pro na\u0161i organizaci &#8211; za \u010d\u00e1stku 790.000,-K\u010d jsme z\u00edskali do vlastnictv\u00ed pozemky v are\u00e1lu s\u00e1dek. Vypomohl \u00daS Plze\u0148, kter\u00fd n\u00e1m poskytl p\u016fj\u010dku 300.000,-K\u010d.;\u00a0 z\u00edsk\u00e1n\u00ed povolen\u00ed k nakl\u00e1d\u00e1n\u00ed s vodami pro rybn\u00edk \u0160pankov;\u00a0 prob\u011bhla v\u011bt\u0161\u00ed \u00fadr\u017eba hr\u00e1z\u00ed a vy\u0159ez\u00e1n\u00ed n\u00e1letov\u00fdch d\u0159evin na rybn\u00edc\u00edch \u0160pankov a Hroznata;\u00a0 \u010dlenov\u00e9 lov\u00edc\u00ed \u010dety se z\u00fa\u010dastnili \u0161kolen\u00ed pro lov agreg\u00e1tem;\u00a0 op\u011bt se konal t\u00e1bor, z\u00e1vody na s\u00e1dk\u00e1ch;\u00a0 krom\u011b mal\u00e9ho p\u0159\u00edr\u016fstku v Podmoklech se povedly podzimn\u00ed v\u00fdlovy;\u00a0 byla vypracov\u00e1na \u017e\u00e1dost na dotaci z Evropsk\u00fdch fond\u016f, hlavn\u00edm c\u00edlem je z\u00edsk\u00e1n\u00ed nov\u00e9ho dod\u00e1vkov\u00e9ho automobilu;\u00a0 v pl\u00e1nu je v\u00fdm\u011bna st\u0159e\u0161n\u00ed krytiny na p\u0159edn\u00ed stran\u011b stodoly.<br><br>2010 &#8211; poda\u0159ilo se \u00fasp\u011b\u0161n\u011b zpracovat a z\u00edskat dota\u010dn\u00ed titul na n\u00e1kup ter\u00e9nn\u00edvo vozu Toyota Hilux a dal\u0161\u00edho vybaven\u00ed k obhospoda\u0159ov\u00e1n\u00ed rybn\u00edk\u016f. Celkov\u00e1 \u010d\u00e1stka \u010dinila v\u00edce ne\u017e 1.000 000,- K\u010d. T\u0159etinu n\u00e1klad\u016f hradila organizace, k \u010demu\u017e dopomohla p\u016fj\u010dka od \u00daS Plze\u0148. V\u00fddej povolenek a dal\u0161\u00ed agenda se od tohoto roku zpracov\u00e1v\u00e1 pomoc\u00ed po\u010d\u00edta\u010de, za\u010d\u00edn\u00e1 fungovat tzv. informa\u010dn\u00ed syst\u00e9m Lipan. Byl zvolen nov\u00fd v\u00fdbor MO &#8211; op\u011bt v \u010dele s p. Karlem Kobzou. Dlouholet\u00fd hospod\u00e1\u0159 a \u010dlen v\u00fdboru MO, pan Zden\u011bk Fencl, oslavil sedmdes\u00e1tiny. Op\u011bt prob\u011bhl ryb\u00e1\u0159sk\u00fd t\u00e1bor ml\u00e1de\u017ee v \u00dan\u011b\u0161ov\u011b. Dobr\u00e9 hospoda\u0159en\u00ed umo\u017enilo koncem roku spl\u00e1tku p\u016fj\u010dky ve v\u00fd\u0161i 200.000,-K\u010d. Vlivem tuh\u00e9 zimy a nulov\u00e9ho p\u0159\u00edtoku na chovn\u00e9m rybn\u00edce v Chot\u00edkov\u011b, do\u0161lo k \u00fahynu cca 60% obs\u00e1dky kapra. N\u00e1sledn\u00e1 pokuta za \u00fahyn ryb od org\u00e1nu \u017eivtn\u00edho prost\u0159ed\u00ed ve v\u00fd\u0161i 20.000.- K\u010d n\u00e1s p\u0159im\u011bla ke zm\u011bn\u011b zp\u016fsobu hospoda\u0159en\u00ed na tomto nebesk\u00e9m rybn\u00edku. V dal\u0161\u00edch letech ho budeme nech\u00e1vat zimovat a obs\u00e1dku dod\u00e1me a\u017e z jarn\u00edch v\u00fdlov\u016f koupali\u0161\u0165.<br><br>2011 &#8211; po dlouh\u00e9m boji se z\u00e1ke\u0159nou nemoc\u00ed zem\u0159el \u010dlen v\u00fdboru MO, pan Josef Ma\u0161ek. Jarn\u00ed v\u00fdlov kap\u0159\u00edk\u016f K1 byl \u00fasp\u011b\u0161n\u00fd na t\u0159emo\u0161ensk\u00e9m koupali\u0161ti, v Z\u00e1lu\u017e\u00ed se nezada\u0159ilo. Vyd\u00e1na v\u00fdjimka na odst\u0159el kormor\u00e1na, kter\u00e1 v\u0161ak v d\u016fsledku mnoho ne\u0159e\u0161\u00ed. Byla provedena v\u00fdm\u011bna poloviny st\u0159e\u0161n\u00ed krytiny spodn\u00ed budovy na s\u00e1dk\u00e1ch, kam byly n\u00e1sledn\u011b nainstalov\u00e1ny fotovoltaick\u00e9 panely. S vlastn\u00edkem panel\u016f, panem Pelcem, byla seps\u00e1na smlouva o pron\u00e1jmu. Tak, jako ka\u017ed\u00fd rok, jsme na ja\u0159e odlovili agreg\u00e1tem a vysadili n\u00e1sadu pstruha. Majitel pozemk\u016f pod hr\u00e1z\u00ed rybn\u00edka Hroznata, pan Dobr\u00fd, postavil, p\u0159es na\u0161e nesouhlasn\u00e9 stanovisko, p\u0159\u00edmo pod hr\u00e1z\u00ed novou chatu. Celou akci prov\u00e1zely dohady a naschv\u00e1ly v\u010detn\u011b upu\u0161t\u011bn\u00ed rybn\u00edka, asistence policie, atd. Jak je v na\u0161em st\u00e1t\u011b zvykem, ni\u010deho jsme se nedovolali. Podzimn\u00ed v\u00fdlovy ovlivnil chab\u00fd v\u00fdsledek Podmokel, zejm\u00e9na co se t\u00fd\u010de velikosti n\u00e1sady. Bylo proto dokoupeno 11q K3 k dozarybn\u011bn\u00ed sportovn\u00edch rybn\u00edk\u016f. V listopadu oslavil sedmdes\u00e1tiny dlouholet\u00fd \u010dlen v\u00fdboru pan Miroslav Robej\u0161ek. T\u00edmto rokem byla uzav\u0159ena kronika na\u0161\u00ed MO, kterou zalo\u017eil v roce 1970 pan Vratislav Rozum.<br>Z po\u010d\u00e1tkem roku 2012 p\u0159ich\u00e1z\u00ed jedna z prvn\u00edch povinnost\u00ed v\u00fdboru MO &#8211; hromadn\u00e9 v\u00fddeje povolenek. N\u00e1sleduje lov n\u00e1sady pstruha obecn\u00e9ho el. agreg\u00e1tem. Do\u0161lo k vy\u0159azen\u00ed vozidla Praga V3S, je\u017e m\u011blo odslou\u017eeno a bylo nahrazeno hospod\u00e1rn\u011bj\u0161\u00ed Toyotou. Z dal\u0161\u00edch v\u011bc\u00ed, po\u0159\u00edzen\u00fdch v r\u00e1mci dotace, se osv\u011bd\u010dily z\u00e1tahov\u00e1 s\u00ed\u0165, v\u00e1ha p\u0159ezmen, el. agreg\u00e1t i vysazovac\u00ed ruk\u00e1v a p\u0159epravn\u00ed bedny. Obs\u00e1dku koupali\u0161t\u011b Z\u00e1lu\u017e\u00ed tvo\u0159\u00ed amur,probl\u00e9mem je n\u00edzk\u00e1 hladina vody, kter\u00e1 vyhovuje po\u010detn\u00fdm lov\u00edc\u00edm volavk\u00e1m. Nemal\u00e9 finan\u010dn\u00ed prost\u0159edky a spoustu brig\u00e1dnick\u00fdch hodin st\u00e1la oprava p\u0159elivu na rybn\u00edku Hroznata. Ryb\u00e1\u0159sk\u00fd t\u00e1bor prob\u011bhl bez probl\u00e9m\u016f. B\u011bhem roku se nezah\u00e1lelo ani v are\u00e1lu MO, kde byla opravena fas\u00e1da stodoly, asfaltem zpevn\u011bn vjezd do are\u00e1lu a zbetonov\u00e1na podlaha gar\u00e1\u017ee. V r\u00e1mci spole\u010dn\u00e9ho hospoda\u0159en\u00ed, p\u0159ezd\u00edvan\u00e9ho J\u00e1no\u0161\u00edk, jsme utrp\u011bli ztr\u00e1tu ve v\u00fd\u0161i cca 80.000,- K\u010d. Zp\u016fsobila to hlavn\u011b ni\u017e\u0161\u00ed produkce ryb v minul\u00e9m roce, kter\u00e1 se odr\u00e1\u017e\u00ed na v\u00fd\u0161i p\u0159\u00edsp\u011bvku pro MO. U\u017eili jsme si podzimn\u00ed v\u00fdlovy, kdy zejm\u00e9na v\u00fdlov Podmokel prov\u00e1zel sn\u00edh a mr\u00e1z. Z\u00e1v\u011br roku pat\u0159il oslav\u011b 70. narozenin pana Miroslava \u0160lehofera, v\u0161ichni mu t\u00edmto p\u0159ejeme v\u0161e nejlep\u0161\u00ed.<br><br>2013 &#8211; v \u00fanoru oslavil abrah\u00e1moviny dlouholet\u00fd \u010dlen v\u00fdboru MO, pan Zden\u011bk Matou\u0161ek. Na ja\u0159e prob\u011bhl odlov n\u00e1sady pstruha obecn\u00e9ho a v\u00fdlovy koupali\u0161\u0165 v T\u0159emo\u0161n\u00e9 a Z\u00e1lu\u017e\u00ed. T\u0159emo\u0161ensk\u00e9 koupali\u0161t\u011b bylo \u010d\u00e1ste\u010dn\u011b odbahn\u011bno panem Kremlem, kter\u00fd jako \u010dlen MO vlastn\u00ed vhodnou techniku. Po\u010d\u00e1tkem pr\u00e1zdnin prob\u011bhl dal\u0161\u00ed ro\u010dn\u00edk ryb\u00e1\u0159sk\u00e9ho t\u00e1bora na rybn\u00edku Hroznata. Podzimn\u00ed v\u00fdlovy byly uspokojiv\u00e9, p\u0159\u00edjemn\u011b p\u0159ekvapil v\u00fdlov \u0160pankova, kde se po del\u0161\u00ed dob\u011b dob\u0159e uchytla mar\u00e9na. Opakem byly Podmokly, kde byla ryba kusov\u011b i velikostn\u011b podpr\u016fm\u011brn\u00e1. Probl\u00e9mem mohly b\u00fdt vydatn\u00e9 de\u0161\u0165ov\u00e9 sr\u00e1\u017eky a n\u00e1sledn\u00fd \u00fanik ryb p\u0159es jalov\u00fd p\u0159epad. Proto jsme si dali pro n\u00e1sleduj\u00edc\u00ed rok za \u00fakol vyrobit a nainstalovat na jalov\u00fd p\u0159epad ocelov\u00e9 brlen\u00ed, kter\u00e9 by m\u011blo zabr\u00e1nit \u00faniku ryb p\u0159i zv\u00fd\u0161en\u00e9 hladin\u011b vody. B\u011bhem roku bylo odpracov\u00e1no celkem 1890 brig\u00e1dnick\u00fdch hodin.<br>\u00a0<\/p>\n","protected":false},"excerpt":{"rendered":"<p>Prvn\u00ed ryb\u00e1\u0159sk\u00fd spolek v T\u0159emo\u0161n\u00e9 zalo\u017eili v roce 1945 n\u00e1jemci t\u0159emo\u0161ensk\u00e9ho a z\u00e1lu\u017esk\u00e9ho povod\u00ed \u0159eky, p\u00e1nov\u00e9 Tel\u00edn a \u010c\u00e1bal. K dal\u0161\u00edm funkcion\u00e1\u0159\u016fm pat\u0159ili Svoboda, Rais, J\u00edrov\u00fd, Vod\u00e1k, Kobza a dal\u0161\u00ed. Postupem \u010dasu z\u00edskal spolek dal\u0161\u00ed \u010d\u00e1st povod\u00ed, dosahuj\u00edc\u00ed a\u017e k soutoku s Berounkou pod obc\u00ed Kace\u0159ov.Vyd\u00e1n\u00edm Ryb\u00e1\u0159sk\u00e9ho z\u00e1kona byl t\u0159emo\u0161ensk\u00fdm sv\u011b\u0159en i horn\u00ed tok \u0159eky &hellip; <a href=\"https:\/\/www.crstremosna.cz\/?page_id=37\" class=\"more-link\">Pokra\u010dovat ve \u010dten\u00ed<span class=\"screen-reader-text\"> &#8222;Historie&#8220;<\/span><\/a><\/p>\n","protected":false},"author":1,"featured_media":0,"parent":0,"menu_order":0,"comment_status":"closed","ping_status":"closed","template":"","meta":[],"_links":{"self":[{"href":"https:\/\/www.crstremosna.cz\/index.php?rest_route=\/wp\/v2\/pages\/37"}],"collection":[{"href":"https:\/\/www.crstremosna.cz\/index.php?rest_route=\/wp\/v2\/pages"}],"about":[{"href":"https:\/\/www.crstremosna.cz\/index.php?rest_route=\/wp\/v2\/types\/page"}],"author":[{"embeddable":true,"href":"https:\/\/www.crstremosna.cz\/index.php?rest_route=\/wp\/v2\/users\/1"}],"replies":[{"embeddable":true,"href":"https:\/\/www.crstremosna.cz\/index.php?rest_route=%2Fwp%2Fv2%2Fcomments&post=37"}],"version-history":[{"count":3,"href":"https:\/\/www.crstremosna.cz\/index.php?rest_route=\/wp\/v2\/pages\/37\/revisions"}],"predecessor-version":[{"id":45,"href":"https:\/\/www.crstremosna.cz\/index.php?rest_route=\/wp\/v2\/pages\/37\/revisions\/45"}],"wp:attachment":[{"href":"https:\/\/www.crstremosna.cz\/index.php?rest_route=%2Fwp%2Fv2%2Fmedia&parent=37"}],"curies":[{"name":"wp","href":"https:\/\/api.w.org\/{rel}","templated":true}]}}