{"id":34,"date":"2021-01-06T08:52:48","date_gmt":"2021-01-06T07:52:48","guid":{"rendered":"https:\/\/www.crstremosna.cz\/?page_id=34"},"modified":"2021-01-06T08:52:48","modified_gmt":"2021-01-06T07:52:48","slug":"jak-se-stat-rybarem-a-clenem-nasi-mo","status":"publish","type":"page","link":"https:\/\/www.crstremosna.cz\/?page_id=34","title":{"rendered":"Jak se st\u00e1t ryb\u00e1\u0159em a \u010dlenem na\u0161\u00ed MO"},"content":{"rendered":"\n<p><strong>Co mus\u00edm ud\u011blat, abych mohl\/a ryba\u0159it?<\/strong><\/p>\n\n\n\n<ol><li>Nav\u0161t\u00edvit n\u011bkterou z m\u00edstn\u00edch organizac\u00ed \u010cRS, nebo se telefonicky informovat o mo\u017enostech p\u0159ijet\u00ed za \u010dlena.<br>Kontakty najdete na internetu, m\u016f\u017eete tak\u00e9 oslovit zn\u00e1m\u00e9, jist\u011b V\u00e1m r\u00e1di porad\u00ed.<\/li><li>Vyplnit p\u0159ihl\u00e1\u0161ku nov\u00e9ho \u010dlena, v dohodnut\u00e9m term\u00ednu absolvovat \u0161kolen\u00ed a test z\u00e1kladn\u00edch znalost\u00ed.<\/li><li>Pokud jsem byl\/a \u00fasp\u011b\u0161n\u00fd\/\u00e1, bude mi na obecn\u00edm \u00fa\u0159ad\u011b na z\u00e1klad\u011b potvrzen\u00ed vyd\u00e1n ryb\u00e1\u0159sk\u00fd l\u00edstek.<\/li><li>Po zaplacen\u00ed \u010dlensk\u00e9ho p\u0159\u00edsp\u011bvku mi m\u016f\u017ee b\u00fdt vyd\u00e1na povolenka k rybolovu.<\/li><li>Budu dodr\u017eovat ryb\u00e1\u0159sk\u00fd \u0159\u00e1d, mohu se pod\u00edlet na brig\u00e1dnick\u00e9 \u010dinnosti a dal\u0161\u00edch\u00a0 aktivit\u00e1ch MO.<\/li><li>Jsem pr\u00e1voplatn\u00fdm \u010dlenem MO \u010cRS.<br>\u00a0<br><strong>Info pro \u010dleny jin\u00fdch MO<\/strong><br><br>Pokud ji\u017e ryba\u0159\u00edte a chcete se st\u00e1t \u010dlenem na\u0161\u00ed MO, sta\u010d\u00ed za\u017e\u00e1dat u Va\u0161\u00ed st\u00e1vaj\u00edc\u00ed organizace o p\u0159estup a jako c\u00edlovou organizaci uv\u00e9st MO \u010cRS T\u0159emo\u0161n\u00e1.<br>V\u0161e by k Va\u0161\u00ed spokojenosti m\u011blo b\u00fdt vy\u0159\u00edzeno elektronicky.<\/li><\/ol>\n","protected":false},"excerpt":{"rendered":"<p>Co mus\u00edm ud\u011blat, abych mohl\/a ryba\u0159it? Nav\u0161t\u00edvit n\u011bkterou z m\u00edstn\u00edch organizac\u00ed \u010cRS, nebo se telefonicky informovat o mo\u017enostech p\u0159ijet\u00ed za \u010dlena.Kontakty najdete na internetu, m\u016f\u017eete tak\u00e9 oslovit zn\u00e1m\u00e9, jist\u011b V\u00e1m r\u00e1di porad\u00ed. Vyplnit p\u0159ihl\u00e1\u0161ku nov\u00e9ho \u010dlena, v dohodnut\u00e9m term\u00ednu absolvovat \u0161kolen\u00ed a test z\u00e1kladn\u00edch znalost\u00ed. Pokud jsem byl\/a \u00fasp\u011b\u0161n\u00fd\/\u00e1, bude mi na obecn\u00edm \u00fa\u0159ad\u011b na &hellip; <a href=\"https:\/\/www.crstremosna.cz\/?page_id=34\" class=\"more-link\">Pokra\u010dovat ve \u010dten\u00ed<span class=\"screen-reader-text\"> &#8222;Jak se st\u00e1t ryb\u00e1\u0159em a \u010dlenem na\u0161\u00ed MO&#8220;<\/span><\/a><\/p>\n","protected":false},"author":1,"featured_media":0,"parent":0,"menu_order":0,"comment_status":"closed","ping_status":"closed","template":"","meta":[],"_links":{"self":[{"href":"https:\/\/www.crstremosna.cz\/index.php?rest_route=\/wp\/v2\/pages\/34"}],"collection":[{"href":"https:\/\/www.crstremosna.cz\/index.php?rest_route=\/wp\/v2\/pages"}],"about":[{"href":"https:\/\/www.crstremosna.cz\/index.php?rest_route=\/wp\/v2\/types\/page"}],"author":[{"embeddable":true,"href":"https:\/\/www.crstremosna.cz\/index.php?rest_route=\/wp\/v2\/users\/1"}],"replies":[{"embeddable":true,"href":"https:\/\/www.crstremosna.cz\/index.php?rest_route=%2Fwp%2Fv2%2Fcomments&post=34"}],"version-history":[{"count":1,"href":"https:\/\/www.crstremosna.cz\/index.php?rest_route=\/wp\/v2\/pages\/34\/revisions"}],"predecessor-version":[{"id":35,"href":"https:\/\/www.crstremosna.cz\/index.php?rest_route=\/wp\/v2\/pages\/34\/revisions\/35"}],"wp:attachment":[{"href":"https:\/\/www.crstremosna.cz\/index.php?rest_route=%2Fwp%2Fv2%2Fmedia&parent=34"}],"curies":[{"name":"wp","href":"https:\/\/api.w.org\/{rel}","templated":true}]}}